{"id":2,"date":"2016-05-10T03:48:21","date_gmt":"2016-05-10T03:48:21","guid":{"rendered":"http:\/\/starnet.srv.br\/?page_id=2"},"modified":"2021-11-30T12:21:51","modified_gmt":"2021-11-30T12:21:51","slug":"sample-page","status":"publish","type":"page","link":"https:\/\/www.starnet.srv.br\/","title":{"rendered":"Empresa"},"content":{"rendered":"\t\t<div data-elementor-type=\"wp-page\" data-elementor-id=\"2\" class=\"elementor elementor-2\">\n\t\t\t\t\t\t\t\t\t<section class=\"elementor-section elementor-top-section elementor-element elementor-element-0d82835 elementor-section-boxed elementor-section-height-default elementor-section-height-default\" data-id=\"0d82835\" data-element_type=\"section\">\n\t\t\t\t\t\t<div class=\"elementor-container elementor-column-gap-default\">\n\t\t\t\t\t<div class=\"elementor-column elementor-col-50 elementor-top-column elementor-element elementor-element-0af1ba2\" data-id=\"0af1ba2\" data-element_type=\"column\">\n\t\t\t<div class=\"elementor-widget-wrap elementor-element-populated\">\n\t\t\t\t\t\t\t\t<div class=\"elementor-element elementor-element-7014de0 elementor-widget elementor-widget-image\" data-id=\"7014de0\" data-element_type=\"widget\" data-widget_type=\"image.default\">\n\t\t\t\t<div class=\"elementor-widget-container\">\n\t\t\t\t\t\t\t\t\t\t\t\t\t\t\t<img loading=\"lazy\" decoding=\"async\" width=\"589\" height=\"452\" src=\"https:\/\/www.starnet.srv.br\/wp-content\/uploads\/2020\/09\/fig01-1.jpg\" class=\"attachment-large size-large wp-image-277\" alt=\"\" srcset=\"https:\/\/www.starnet.srv.br\/wp-content\/uploads\/2020\/09\/fig01-1.jpg 589w, https:\/\/www.starnet.srv.br\/wp-content\/uploads\/2020\/09\/fig01-1-300x230.jpg 300w, https:\/\/www.starnet.srv.br\/wp-content\/uploads\/2020\/09\/fig01-1-535x411.jpg 535w\" sizes=\"(max-width: 589px) 100vw, 589px\" \/>\t\t\t\t\t\t\t\t\t\t\t\t\t\t\t<\/div>\n\t\t\t\t<\/div>\n\t\t\t\t\t<\/div>\n\t\t<\/div>\n\t\t\t\t<div class=\"elementor-column elementor-col-50 elementor-top-column elementor-element elementor-element-63f968c\" data-id=\"63f968c\" data-element_type=\"column\">\n\t\t\t<div class=\"elementor-widget-wrap elementor-element-populated\">\n\t\t\t\t\t\t\t\t<div class=\"elementor-element elementor-element-40db3c5 elementor-widget elementor-widget-text-editor\" data-id=\"40db3c5\" data-element_type=\"widget\" data-widget_type=\"text-editor.default\">\n\t\t\t\t<div class=\"elementor-widget-container\">\n\t\t\t\t\t\t\t<div>\n<p>&#8211;&nbsp;A&nbsp;<b>Starnet Telecomunica\u00e7\u00f5es e Inform\u00e1tica Ltda<\/b> tem a miss\u00e3o de oferece ao mercado servi\u00e7os e solu\u00e7\u00f5es em rede, hardware e Internet. <br><\/p><p>Empresas dos mais variados segmentos solicitam nossos servi\u00e7os para resolu\u00e7\u00e3o de problemas de TI em seus departamentos.<\/p>\n<ul>\n<li>Call Centers.<\/li>\n<li>Data Centers.<\/li>\n<li>CPD\u00b4s.<\/li>\n<li>Office Area.<\/li>\n<li>Network Servers.&nbsp;<\/li>\n<\/ul>\n<\/div>\n<div>&nbsp;<\/div>\n<div>Implanta\u00e7\u00e3o de solu\u00e7\u00f5es Open Source em Linux.&nbsp;<br>Atuamos no mercado deste 1996 e neste tempo podemos amadurecer nossa rela\u00e7\u00e3o com os nossos clientes buscando oferecer sempre servi\u00e7os que garantam qualidade e tranquilidade.&nbsp;<\/div>\t\t\t\t\t\t<\/div>\n\t\t\t\t<\/div>\n\t\t\t\t\t<\/div>\n\t\t<\/div>\n\t\t\t\t\t\t\t<\/div>\n\t\t<\/section>\n\t\t\t\t\t\t\t<\/div>\n\t\t","protected":false},"excerpt":{"rendered":"<p>&#8211;&nbsp;A&nbsp;Starnet Telecomunica\u00e7\u00f5es e Inform\u00e1tica Ltda tem a miss\u00e3o de oferece ao mercado servi\u00e7os e solu\u00e7\u00f5es em rede, hardware e Internet. Empresas dos mais variados segmentos solicitam nossos servi\u00e7os para resolu\u00e7\u00e3o de problemas de TI em seus departamentos. Call Centers. Data Centers. CPD\u00b4s. Office Area. Network Servers.&nbsp; &nbsp; Implanta\u00e7\u00e3o de solu\u00e7\u00f5es Open Source em Linux.&nbsp;Atuamos no [&hellip;]<\/p>\n","protected":false},"author":1,"featured_media":0,"parent":0,"menu_order":0,"comment_status":"closed","ping_status":"open","template":"","meta":{"footnotes":""},"_links":{"self":[{"href":"https:\/\/www.starnet.srv.br\/index.php?rest_route=\/wp\/v2\/pages\/2"}],"collection":[{"href":"https:\/\/www.starnet.srv.br\/index.php?rest_route=\/wp\/v2\/pages"}],"about":[{"href":"https:\/\/www.starnet.srv.br\/index.php?rest_route=\/wp\/v2\/types\/page"}],"author":[{"embeddable":true,"href":"https:\/\/www.starnet.srv.br\/index.php?rest_route=\/wp\/v2\/users\/1"}],"replies":[{"embeddable":true,"href":"https:\/\/www.starnet.srv.br\/index.php?rest_route=%2Fwp%2Fv2%2Fcomments&post=2"}],"version-history":[{"count":34,"href":"https:\/\/www.starnet.srv.br\/index.php?rest_route=\/wp\/v2\/pages\/2\/revisions"}],"predecessor-version":[{"id":328,"href":"https:\/\/www.starnet.srv.br\/index.php?rest_route=\/wp\/v2\/pages\/2\/revisions\/328"}],"wp:attachment":[{"href":"https:\/\/www.starnet.srv.br\/index.php?rest_route=%2Fwp%2Fv2%2Fmedia&parent=2"}],"curies":[{"name":"wp","href":"https:\/\/api.w.org\/{rel}","templated":true}]}}