{"id":335,"date":"2022-02-04T23:57:54","date_gmt":"2022-02-04T23:57:54","guid":{"rendered":"https:\/\/www.starnet.srv.br\/?page_id=335"},"modified":"2022-07-05T22:48:17","modified_gmt":"2022-07-05T22:48:17","slug":"servicos","status":"publish","type":"page","link":"https:\/\/www.starnet.srv.br\/?page_id=335","title":{"rendered":"Servi\u00e7os"},"content":{"rendered":"\t\t<div data-elementor-type=\"wp-page\" data-elementor-id=\"335\" class=\"elementor elementor-335\">\n\t\t\t\t\t\t\t\t\t<section class=\"elementor-section elementor-top-section elementor-element elementor-element-76b24834 elementor-section-boxed elementor-section-height-default elementor-section-height-default\" data-id=\"76b24834\" data-element_type=\"section\">\n\t\t\t\t\t\t<div class=\"elementor-container elementor-column-gap-default\">\n\t\t\t\t\t<div class=\"elementor-column elementor-col-100 elementor-top-column elementor-element elementor-element-6b41f347\" data-id=\"6b41f347\" data-element_type=\"column\">\n\t\t\t<div class=\"elementor-widget-wrap elementor-element-populated\">\n\t\t\t\t\t\t\t\t<div class=\"elementor-element elementor-element-2a1f4808 elementor-widget elementor-widget-text-editor\" data-id=\"2a1f4808\" data-element_type=\"widget\" data-widget_type=\"text-editor.default\">\n\t\t\t\t<div class=\"elementor-widget-container\">\n\t\t\t\t\t\t\t<p><!-- wp:image {\"id\":131,\"width\":806,\"height\":281} --><\/p>\n<figure><img loading=\"lazy\" decoding=\"async\" src=\"http:\/\/starnet.srv.br\/wp-content\/uploads\/2020\/07\/interior-of-office-building-325229-1024x358.jpg\" alt=\"\" width=\"806\" height=\"281\"><\/figure>\n<p><!-- \/wp:image --><\/p>\n<p><!-- wp:paragraph --><\/p>\n<p><strong>Assessoria t\u00e9cnica em TI.<\/strong><\/p>\n<p><!-- \/wp:paragraph --><\/p>\n<p><!-- wp:list --><\/p>\n<ul>\n<li>Desenvolvimento de solu\u00e7\u00f5es para Internet.&nbsp;<\/li>\n<li>Hospedagem de dom\u00ednios corporativos.<\/li>\n<li>Corporate e-mail.<\/li>\n<li>Cabling, el\u00e9trica, Wi-fi, projeto de rede local e remota.<\/li>\n<li>Manuten\u00e7\u00e3o de hardware.<\/li>\n<li>Montagem, configura\u00e7\u00e3o e suporte a servidores Linux.<\/li>\n<li>Contrato de manuten\u00e7\u00e3o e suporte t\u00e9cnico para empresas.<\/li>\n<\/ul>\n<p><!-- \/wp:list --><\/p>\n<p><!-- wp:paragraph --><\/p>\n<p><!-- \/wp:paragraph --><\/p>\n<p><!-- wp:image {\"id\":337,\"width\":799,\"height\":531,\"sizeSlug\":\"large\",\"linkDestination\":\"none\"} --><\/p>\n<figure><img loading=\"lazy\" decoding=\"async\" src=\"http:\/\/www.starnet.srv.br\/wp-content\/uploads\/2022\/02\/programmer2-1-1024x683.jpg\" alt=\"\" width=\"799\" height=\"531\"><\/figure>\n<p><!-- \/wp:image --><\/p>\n<p><!-- wp:heading --><\/p>\n<h2>Servidores Linux<\/h2>\n<p><!-- \/wp:heading --><\/p>\n<p><!-- wp:paragraph --><\/p>\n<p>&nbsp;Implanta\u00e7\u00e3o de solu\u00e7\u00f5es Open Source em Linux.&nbsp;<\/p>\n<p><!-- \/wp:paragraph --><\/p>\n<p><!-- wp:image {\"id\":130} --><\/p>\n<figure><img decoding=\"async\" src=\"https:\/\/starnet.srv.br\/wp-content\/uploads\/2020\/07\/blur-bright-business-codes-207580-300x225.jpg\" alt=\"\"><\/figure>\n<p><!-- \/wp:image --><\/p>\n<p><!-- wp:paragraph --><\/p>\n<p><!-- \/wp:paragraph --><\/p>\n<p><!-- wp:paragraph --><\/p>\n<p><strong>Solu\u00e7\u00f5es em&nbsp;<\/strong><strong>Linux quando bem implementado garante:<\/strong><\/p>\n<p><!-- \/wp:paragraph --><\/p>\n<p><!-- wp:list --><\/p>\n<ul>\n<li><em>Melhor custo benef\u00edcio se comparado com os servidores legados encontrados no mercado.<\/em><\/li>\n<li><em>Estabilidade.<\/em><\/li>\n<li><em>Seguran\u00e7a.<\/em><\/li>\n<li><em>Performance.<\/em><\/li>\n<li><em>Confiabilidade.<\/em><\/li>\n<li><em>Escalabilidade.<\/em><\/li>\n<\/ul>\n<p><!-- \/wp:list --><\/p>\n<p><!-- wp:paragraph --><\/p>\n<p><!-- \/wp:paragraph --><\/p>\n<p><!-- wp:paragraph --><\/p>\n<p><strong>Solu\u00e7\u00f5es corporativas em Linux:<\/strong><\/p>\n<p><!-- \/wp:paragraph --><\/p>\n<p><!-- wp:list --><\/p>\n<ul>\n<li>Relacional open source d<em>atabase servers: MySQL, Firebird, Postgresql.<\/em><\/li>\n<li><em>Web servers, e-mail servers\/Webmail.<\/em><\/li>\n<li><em>Domain controller, file server,&nbsp; print server, storage, backup server.<\/em><\/li>\n<li><em>Networking servers.<\/em><\/li>\n<li><em>Cloud computing, server virtualization on Hi Availability<\/em> (virtualiza\u00e7\u00e3o de servidores&nbsp;<em>em alta disponibilidade<\/em>) baseado em KVM, OpenVZ, Corosync etc.<\/li>\n<\/ul>\n<p><!-- \/wp:list --><\/p>\n<p><!-- wp:paragraph --><\/p>\n<p><!-- \/wp:paragraph --><\/p>\t\t\t\t\t\t<\/div>\n\t\t\t\t<\/div>\n\t\t\t\t\t<\/div>\n\t\t<\/div>\n\t\t\t\t\t\t\t<\/div>\n\t\t<\/section>\n\t\t\t\t\t\t\t<\/div>\n\t\t","protected":false},"excerpt":{"rendered":"<p>Assessoria t\u00e9cnica em TI. Desenvolvimento de solu\u00e7\u00f5es para Internet.&nbsp; Hospedagem de dom\u00ednios corporativos. Corporate e-mail. Cabling, el\u00e9trica, Wi-fi, projeto de rede local e remota. Manuten\u00e7\u00e3o de hardware. Montagem, configura\u00e7\u00e3o e suporte a servidores Linux. Contrato de manuten\u00e7\u00e3o e suporte t\u00e9cnico para empresas. Servidores Linux &nbsp;Implanta\u00e7\u00e3o de solu\u00e7\u00f5es Open Source em Linux.&nbsp; Solu\u00e7\u00f5es em&nbsp;Linux quando bem [&hellip;]<\/p>\n","protected":false},"author":1,"featured_media":0,"parent":0,"menu_order":0,"comment_status":"closed","ping_status":"closed","template":"","meta":{"footnotes":""},"_links":{"self":[{"href":"https:\/\/www.starnet.srv.br\/index.php?rest_route=\/wp\/v2\/pages\/335"}],"collection":[{"href":"https:\/\/www.starnet.srv.br\/index.php?rest_route=\/wp\/v2\/pages"}],"about":[{"href":"https:\/\/www.starnet.srv.br\/index.php?rest_route=\/wp\/v2\/types\/page"}],"author":[{"embeddable":true,"href":"https:\/\/www.starnet.srv.br\/index.php?rest_route=\/wp\/v2\/users\/1"}],"replies":[{"embeddable":true,"href":"https:\/\/www.starnet.srv.br\/index.php?rest_route=%2Fwp%2Fv2%2Fcomments&post=335"}],"version-history":[{"count":16,"href":"https:\/\/www.starnet.srv.br\/index.php?rest_route=\/wp\/v2\/pages\/335\/revisions"}],"predecessor-version":[{"id":364,"href":"https:\/\/www.starnet.srv.br\/index.php?rest_route=\/wp\/v2\/pages\/335\/revisions\/364"}],"wp:attachment":[{"href":"https:\/\/www.starnet.srv.br\/index.php?rest_route=%2Fwp%2Fv2%2Fmedia&parent=335"}],"curies":[{"name":"wp","href":"https:\/\/api.w.org\/{rel}","templated":true}]}}